{"id":7,"date":"2020-05-15T22:02:43","date_gmt":"2020-05-16T01:02:43","guid":{"rendered":"http:\/\/hospitaldecampanhaanhembi.animaker.com.br\/?page_id=5"},"modified":"2021-09-13T20:33:38","modified_gmt":"2021-09-13T20:33:38","slug":"acesso-a-informacao","status":"publish","type":"page","link":"https:\/\/hsc.animaker.com.br\/?page_id=7","title":{"rendered":"Acesso \u00e0 Informa\u00e7\u00e3o"},"content":{"rendered":"<div class=\"container section-title-container\" ><h3 class=\"section-title section-title-normal\"><b aria-hidden=\"true\"><\/b><span class=\"section-title-main\" >Acesso a Informa\u00e7\u00e3o<\/span><b aria-hidden=\"true\"><\/b><\/h3><\/div>\n<div class=\"row\"  id=\"row-1559865526\">\n\n\t<div id=\"col-370776486\" class=\"col small-12 large-12\"  >\n\t\t\t\t<div class=\"col-inner\"  >\n\t\t\t\n\t\t\t\n<p>LEI DE ACESSO \u00c0 INFORMA\u00c7\u00c3O P\u00daBLICA &#8211; LEI n\u00ba 12.527 de 18 de novembro de 2011<\/p>\n<p style=\"text-align: right;\"><span style=\"font-size: 75%;\"><button id=\"bb1\" type=\"button\" value=\"Play\" class=\"responsivevoice-button\" title=\"ResponsiveVoice Tap to Start\/Stop Speech\"><span>&#128266; Ouvir<\/span><\/button>\n        <script>\n            bb1.onclick = function(){\n                if(responsiveVoice.isPlaying()){\n                    responsiveVoice.cancel();\n                }else{\n                    responsiveVoice.speak(\"Regula o acesso a informa\u00e7\u00f5es previsto no inciso XXXIII do art. 5o, no inciso II do \u00a7 3o do art. 37 e no \u00a7 2o do art. 216 da Constitui\u00e7\u00e3o Federal; altera a Lei no 8.112, de 11 de dezembro de 1990; revoga a Lei no 11.111, de 5 de maio de 2005, e dispositivos da Lei no 8.159, de 8 de janeiro de 1991; e d\u00e1 outras provid\u00eancias.\", \"Brazilian Portuguese Female\");\n                }\n            };\n        <\/script>\n    <\/span><\/p>\n<p style=\"text-align: justify;\">Regula o acesso a informa\u00e7\u00f5es previsto no inciso XXXIII do art. 5o, no inciso II do \u00a7 3o do art. 37 e no \u00a7 2o do art. 216 da Constitui\u00e7\u00e3o Federal; altera a Lei no 8.112, de 11 de dezembro de 1990; revoga a Lei no 11.111, de 5 de maio de 2005, e dispositivos da Lei no 8.159, de 8 de janeiro de 1991; e d\u00e1 outras provid\u00eancias.\n<div class=\"accordion\">\n\t<div id=\"accordion-1674662369\" class=\"accordion-item\">\n\t\t<a id=\"accordion-1674662369-label\" class=\"accordion-title plain\" href=\"#accordion-item-alvar\u00e1s-e-licen\u00e7as\" aria-expanded=\"false\" aria-controls=\"accordion-1674662369-content\">\n\t\t\t<button class=\"toggle\" aria-label=\"Toggle\"><i class=\"icon-angle-down\" aria-hidden=\"true\"><\/i><\/button>\n\t\t\t<span>Alvar\u00e1s e Licen\u00e7as<\/span>\n\t\t<\/a>\n\t\t<div id=\"accordion-1674662369-content\" class=\"accordion-inner\" aria-labelledby=\"accordion-1674662369-label\">\n\t\t\t\n<h4>Alvar\u00e1s, Licen\u00e7as e Outros de responsabilidade da Contratada<\/h4>\n<ul>\n<li>Licen\u00e7a \/ Alvar\u00e1 de Funcionamento\n<ul>\n<li>Alvara\u0301 Sanita\u0301rio e Alvara\u0301 de funcionamento<\/li>\n<\/ul>\n<\/li>\n<\/ul>\n<p class=\"p1\" style=\"text-align: justify; padding-left: 80px;\"><em>Nota: Conforme<span class=\"Apple-converted-space\">\u00a0 <\/span>Portaria CVS &#8211; 9 publicada em Di\u00e1rio Oficial em<span class=\"Apple-converted-space\">\u00a0 <\/span>13\/05\/2020, a qual disp\u00f5e sobre o Cadastro de Vigil\u00e2ncia Sanit\u00e1ria \u2013 Cadvisa de estabelecimento j\u00e1 constitu\u00eddos para amplia\u00e7\u00e3o do n\u00famero de leitos de interna\u00e7\u00e3o ou servi\u00e7os de campanha (hospitais de campanha, unidades de urg\u00eancia e emerg\u00eancia provis\u00f3rios e tempor\u00e1rios) direcionados ao enfrentamento da pandemia de Covid-19. E estabelece que esses estabelecimentos, em car\u00e1ter excepcional e tempor\u00e1rio, <strong>ficam dispensados do Laudo T\u00e9cnico de Avalia\u00e7\u00e3o \u2013 LTA \u2013 e Licen\u00e7a de Funcionamento pr\u00e9vios emitidos pela Vigil\u00e2ncia Sanit\u00e1ria.<\/strong><\/em><\/p>\n<ul>\n<li style=\"list-style-type: none;\">\n<ul>\n<li>Cadastro e Autodeclarac\u0327a\u0303o Vigila\u0302ncia Sanita\u0301ria<\/li>\n<li>Licenc\u0327a Ambiental<\/li>\n<\/ul>\n<\/li>\n<li>Certificado CREMESP<\/li>\n<li>CNES<\/li>\n<li>CNPJ<\/li>\n<li>Plano de Gerenciamento de Resi\u0301duos de Servic\u0327os de Sau\u0301de\n<ul>\n<li>Protocolo de Entrega na Vigila\u0302ncia Sanita\u0301ria<\/li>\n<\/ul>\n<\/li>\n<\/ul>\n<p style=\"padding-left: 80px;\"><em><span style=\"font-weight: 400;\">Nota: O Plano de Gerenciamento e Res\u00edduos foi protocolado na Vigil\u00e2ncia Sanit\u00e1ria em 29\/04\/2020.<\/span><\/em><\/p>\n<h4>\u00a0<\/h4>\n<div class=\"is-divider divider clearfix\" style=\"max-width:570px;\"><\/div>\n<h4>Alvar\u00e1s, Licen\u00e7as e Outros de responsabilidade da Contratante<\/h4>\n<ul>\n<li>AVCB<\/li>\n<li>PMOC<\/li>\n<\/ul>\n\t\t<\/div>\n\t<\/div>\n\t\n\t<div id=\"accordion-2248918316\" class=\"accordion-item\">\n\t\t<a id=\"accordion-2248918316-label\" class=\"accordion-title plain\" href=\"#accordion-item-atividades-e-resultados\" aria-expanded=\"false\" aria-controls=\"accordion-2248918316-content\">\n\t\t\t<button class=\"toggle\" aria-label=\"Toggle\"><i class=\"icon-angle-down\" aria-hidden=\"true\"><\/i><\/button>\n\t\t\t<span>Atividades e Resultados<\/span>\n\t\t<\/a>\n\t\t<div id=\"accordion-2248918316-content\" class=\"accordion-inner\" aria-labelledby=\"accordion-2248918316-label\">\n\t\t\t\n<p>Relat\u00f3rio de Atividades<\/p>\n<ul>\n<li>Relat\u00f3rio de Indicadores Assistenciais setembro 2020 ( exportar Excel ) ( exportar TXT ) ( exportar CSV )<\/li>\n<\/ul>\n\t\t<\/div>\n\t<\/div>\n\t\n\t<div id=\"accordion-2170198255\" class=\"accordion-item\">\n\t\t<a id=\"accordion-2170198255-label\" class=\"accordion-title plain\" href=\"#accordion-item-certificados\" aria-expanded=\"false\" aria-controls=\"accordion-2170198255-content\">\n\t\t\t<button class=\"toggle\" aria-label=\"Toggle\"><i class=\"icon-angle-down\" aria-hidden=\"true\"><\/i><\/button>\n\t\t\t<span>Certificados<\/span>\n\t\t<\/a>\n\t\t<div id=\"accordion-2170198255-content\" class=\"accordion-inner\" aria-labelledby=\"accordion-2170198255-label\">\n\t\t\t\n<p><a href=\"https:\/\/www.spdm.org.br\/acesso-a-informacao\/certificados\"><span style=\"font-weight: 400\">Certificados<\/span><\/a><\/p>\n\t\t<\/div>\n\t<\/div>\n\t\n\t<div id=\"accordion-4206513287\" class=\"accordion-item\">\n\t\t<a id=\"accordion-4206513287-label\" class=\"accordion-title plain\" href=\"#accordion-item-compras\" aria-expanded=\"false\" aria-controls=\"accordion-4206513287-content\">\n\t\t\t<button class=\"toggle\" aria-label=\"Toggle\"><i class=\"icon-angle-down\" aria-hidden=\"true\"><\/i><\/button>\n\t\t\t<span>Compras<\/span>\n\t\t<\/a>\n\t\t<div id=\"accordion-4206513287-content\" class=\"accordion-inner\" aria-labelledby=\"accordion-4206513287-label\">\n\t\t\t\n<p><a href=\"https:\/\/hsc.animaker.com.br\/wp-content\/uploads\/sites\/147\/2021\/09\/Regulamento-de-Compras.pdf\">Regulamento de Compras<\/a><\/p>\n<p style=\"text-align: justify;\"><span style=\"font-weight: 400;\"><span style=\"text-decoration: underline;\">Nota:<\/span> Por tratar-se de um Termo Aditivo 030\/2020 ao Contrato de Gest\u00e3o n\u00ba R008\/2015 \u2013 CPCSSSMS da\u00a0 Rede Assistencial da Supervis\u00e3o T\u00e9cnica de Sa\u00fade de Vila Maria\/Vila Guilherme, as compras e contrata\u00e7\u00f5es de servi\u00e7os s\u00e3o regidas pelas as mesmas diretrizes do Regulamento de Compras &#8211; da SPDM \u2013 Associa\u00e7\u00e3o Paulista para o Desenvolvimento da Medicina\u00a0 &#8211; CNPJ n\u00ba 61.699.567\/0020-55,\u00a0 \u00faltima atualiza\u00e7\u00e3o foi publicada no Di\u00e1rio O\ufb01cial &#8211;\u00a0 Empresarial &#8211; 16 de maio de 2019 Fl. 36.\u00a0<\/span><\/p>\n<p>Lei Federal N\u00ba 13.979\/2020:<\/p>\n<ul>\n<li>Itens Covid-19<\/li>\n<\/ul>\n\t\t<\/div>\n\t<\/div>\n\t\n\t<div id=\"accordion-470114925\" class=\"accordion-item\">\n\t\t<a id=\"accordion-470114925-label\" class=\"accordion-title plain\" href=\"#accordion-item-instrumento-de-contratualiza\u00e7\u00e3o---termo-aditivo\" aria-expanded=\"false\" aria-controls=\"accordion-470114925-content\">\n\t\t\t<button class=\"toggle\" aria-label=\"Toggle\"><i class=\"icon-angle-down\" aria-hidden=\"true\"><\/i><\/button>\n\t\t\t<span>Instrumento de Contratualiza\u00e7\u00e3o - Termo Aditivo<\/span>\n\t\t<\/a>\n\t\t<div id=\"accordion-470114925-content\" class=\"accordion-inner\" aria-labelledby=\"accordion-470114925-label\">\n\t\t\t\n<p>Contrato<\/p>\n<p>\u00a0<\/p>\n<p>Publica\u00e7\u00e3o<\/p>\n<p>\u00a0<\/p>\n\t\t<\/div>\n\t<\/div>\n\t\n\t<div id=\"accordion-1450249323\" class=\"accordion-item\">\n\t\t<a id=\"accordion-1450249323-label\" class=\"accordion-title plain\" href=\"#accordion-item-demonstrativos-cont\u00e1beis-e-financeiros\" aria-expanded=\"false\" aria-controls=\"accordion-1450249323-content\">\n\t\t\t<button class=\"toggle\" aria-label=\"Toggle\"><i class=\"icon-angle-down\" aria-hidden=\"true\"><\/i><\/button>\n\t\t\t<span>Demonstrativos Cont\u00e1beis e Financeiros<\/span>\n\t\t<\/a>\n\t\t<div id=\"accordion-1450249323-content\" class=\"accordion-inner\" aria-labelledby=\"accordion-1450249323-label\">\n\t\t\t\n<p>Demonstrativo Financeiro Contratual<\/p>\n<ul>\n<li>DEMONSTRATIVO FINANCEIRO CONTRATUAL \u2013 2020\u00a0(exportar excel)\u00a0( exportar TXT ) ( exportar CSV )<\/li>\n<\/ul>\n<p>Registro de Receita e Despesa<\/p>\n<ul>\n<li>REGISTROS DE RECEITAS E DESPESAS \u2013 2020\u00a0(exportar excel) ( exportar TXT ) ( exportar CSV )<\/li>\n<\/ul>\n\t\t<\/div>\n\t<\/div>\n\t\n\t<div id=\"accordion-1062654700\" class=\"accordion-item\">\n\t\t<a id=\"accordion-1062654700-label\" class=\"accordion-title plain\" href=\"#accordion-item-estrutura-organizacional\" aria-expanded=\"false\" aria-controls=\"accordion-1062654700-content\">\n\t\t\t<button class=\"toggle\" aria-label=\"Toggle\"><i class=\"icon-angle-down\" aria-hidden=\"true\"><\/i><\/button>\n\t\t\t<span>Estrutura Organizacional<\/span>\n\t\t<\/a>\n\t\t<div id=\"accordion-1062654700-content\" class=\"accordion-inner\" aria-labelledby=\"accordion-1062654700-label\">\n\t\t\t\n<h3>SPDM<\/h3>\n<p><img loading=\"lazy\" decoding=\"async\" class=\"alignnone wp-image-220 size-full\" src=\"http:\/\/hospitaldecampanhaanhembi.spdmafiliadas.org.br\/wp-content\/uploads\/sites\/41\/2020\/05\/equipe-diretiva-spdm-maio-2020.png\" alt=\"\" width=\"416\" height=\"629\" srcset=\"https:\/\/hsc.animaker.com.br\/wp-content\/uploads\/sites\/147\/2020\/05\/equipe-diretiva-spdm-maio-2020.png 416w, https:\/\/hsc.animaker.com.br\/wp-content\/uploads\/sites\/147\/2020\/05\/equipe-diretiva-spdm-maio-2020-198x300.png 198w\" sizes=\"auto, (max-width: 416px) 100vw, 416px\" \/><\/p>\n<h4>Equipe Diretiva<\/h4>\n<div class=\"row\"  id=\"row-604058788\">\n\n\t<div id=\"col-1591553452\" class=\"col medium-5 small-12 large-5\"  >\n\t\t\t\t<div class=\"col-inner\"  >\n\t\t\t\n\t\t\t\n<div class=\"uxb-no-content uxb-image\">Upload Image...<\/div>\n\t\t<\/div>\n\t\t\t\t\t<\/div>\n\n\t\n\n\t<div id=\"col-1080570084\" class=\"col medium-7 small-12 large-7\"  >\n\t\t\t\t<div class=\"col-inner\"  >\n\t\t\t\n\t\t\t\n<div class=\"accordion\">\n\n\t<div id=\"accordion-253530818\" class=\"accordion-item\">\n\t\t<a id=\"accordion-253530818-label\" class=\"accordion-title plain\" href=\"#accordion-item-compet\u00eancias-organizacionais\" aria-expanded=\"false\" aria-controls=\"accordion-253530818-content\">\n\t\t\t<button class=\"toggle\" aria-label=\"Toggle\"><i class=\"icon-angle-down\" aria-hidden=\"true\"><\/i><\/button>\n\t\t\t<span>Compet\u00eancias Organizacionais<\/span>\n\t\t<\/a>\n\t\t<div id=\"accordion-253530818-content\" class=\"accordion-inner\" aria-labelledby=\"accordion-253530818-label\">\n\t\t\t\n\n<ul>\n<li style=\"font-weight: 400;text-align: justify\"><span style=\"font-weight: 400\">Trabalho em equipe;<\/span><\/li>\n<li style=\"font-weight: 400;text-align: justify\"><span style=\"font-weight: 400\">Comunica\u00e7\u00e3o;<\/span><\/li>\n<li style=\"font-weight: 400;text-align: justify\"><span style=\"font-weight: 400\">Relacionamento interpessoal;<\/span><\/li>\n<li style=\"font-weight: 400;text-align: justify\"><span style=\"font-weight: 400\">Foco no resultado;<\/span><\/li>\n<li style=\"font-weight: 400;text-align: justify\"><span style=\"font-weight: 400\">Flexibilidade e adaptabilidade;<\/span><\/li>\n<li style=\"font-weight: 400;text-align: justify\"><span style=\"font-weight: 400\">Foco no cliente;<\/span><\/li>\n<li style=\"font-weight: 400;text-align: justify\"><span style=\"font-weight: 400\">Curiosidade e esp\u00edrito de pesquisa;<\/span><\/li>\n<li style=\"font-weight: 400;text-align: justify\"><span style=\"font-weight: 400\">Desenvolver, aplicar e difundir conhecimento;<\/span><\/li>\n<li style=\"font-weight: 400;text-align: justify\"><span style=\"font-weight: 400\">Lideran\u00e7a e coaching;<\/span><\/li>\n<li style=\"font-weight: 400;text-align: justify\"><span style=\"font-weight: 400\">Vis\u00e3o sist\u00eamica;<\/span><\/li>\n<li style=\"font-weight: 400;text-align: justify\"><span style=\"font-weight: 400\">Negocia\u00e7\u00e3o;<\/span><\/li>\n<li style=\"font-weight: 400;text-align: justify\"><span style=\"font-weight: 400\">Criatividade e inova\u00e7\u00e3o;<\/span><\/li>\n<li style=\"font-weight: 400;text-align: justify\"><span style=\"font-weight: 400\">Empreendedorismo;<\/span><\/li>\n<li style=\"font-weight: 400;text-align: justify\"><span style=\"font-weight: 400\">Compliance.<\/span><\/li>\n<\/ul>\n\n\t\t<\/div>\n\t<\/div>\n\t\n\n<\/div>\n\t\t<\/div>\n\t\t\t\t\t<\/div>\n\n\t\n<\/div>\n\t\t<\/div>\n\t<\/div>\n\t\n\t<div id=\"accordion-2105452126\" class=\"accordion-item\">\n\t\t<a id=\"accordion-2105452126-label\" class=\"accordion-title plain\" href=\"#accordion-item-institucional\" aria-expanded=\"false\" aria-controls=\"accordion-2105452126-content\">\n\t\t\t<button class=\"toggle\" aria-label=\"Toggle\"><i class=\"icon-angle-down\" aria-hidden=\"true\"><\/i><\/button>\n\t\t\t<span>Institucional<\/span>\n\t\t<\/a>\n\t\t<div id=\"accordion-2105452126-content\" class=\"accordion-inner\" aria-labelledby=\"accordion-2105452126-label\">\n\t\t\t\n<p><a href=\"https:\/\/www.spdm.org.br\/images\/stories\/pdf\/Estatuto_SPDM_2017.pdf\">Estatuto Social<\/a><\/p>\n\t\t<\/div>\n\t<\/div>\n\t\n\t<div id=\"accordion-2167581243\" class=\"accordion-item\">\n\t\t<a id=\"accordion-2167581243-label\" class=\"accordion-title plain\" href=\"#accordion-item-pessoal\" aria-expanded=\"false\" aria-controls=\"accordion-2167581243-content\">\n\t\t\t<button class=\"toggle\" aria-label=\"Toggle\"><i class=\"icon-angle-down\" aria-hidden=\"true\"><\/i><\/button>\n\t\t\t<span>Pessoal<\/span>\n\t\t<\/a>\n\t\t<div id=\"accordion-2167581243-content\" class=\"accordion-inner\" aria-labelledby=\"accordion-2167581243-label\">\n\t\t\t\n<ul>\n<li>Regulamento de Recrutamento e Selec\u0327a\u0303o de Pessoal<\/li>\n<li>DEMONSTRATIVO GASTO COM PESSOAL &#8211; 2020<\/li>\n<li>Quadro de Pessoal<\/li>\n<\/ul>\n\t\t<\/div>\n\t<\/div>\n\t\n\t<div id=\"accordion-88926308\" class=\"accordion-item\">\n\t\t<a id=\"accordion-88926308-label\" class=\"accordion-title plain\" href=\"#accordion-item-servi\u00e7o-de-atendimento-ao-usu\u00e1rio---sau\" aria-expanded=\"false\" aria-controls=\"accordion-88926308-content\">\n\t\t\t<button class=\"toggle\" aria-label=\"Toggle\"><i class=\"icon-angle-down\" aria-hidden=\"true\"><\/i><\/button>\n\t\t\t<span>Servi\u00e7o de Atendimento ao Usu\u00e1rio - SAU<\/span>\n\t\t<\/a>\n\t\t<div id=\"accordion-88926308-content\" class=\"accordion-inner\" aria-labelledby=\"accordion-88926308-label\">\n\t\t\t\n<p><a href=\"https:\/\/hsc.animaker.com.br\/wp-content\/uploads\/sites\/147\/2021\/09\/REGISTROS-DE-ATENDIMENTOS-DO-SAU-2021-76.pdf\">REGISTROS DE ATENDIMENTOS DO SAU &#8211; 2021<\/a><\/p>\n\t\t<\/div>\n\t<\/div>\n\t\n\t<div id=\"accordion-2186724209\" class=\"accordion-item\">\n\t\t<a id=\"accordion-2186724209-label\" class=\"accordion-title plain\" href=\"#accordion-item-servi\u00e7o-terceiro\" aria-expanded=\"false\" aria-controls=\"accordion-2186724209-content\">\n\t\t\t<button class=\"toggle\" aria-label=\"Toggle\"><i class=\"icon-angle-down\" aria-hidden=\"true\"><\/i><\/button>\n\t\t\t<span>Servi\u00e7o Terceiro<\/span>\n\t\t<\/a>\n\t\t<div id=\"accordion-2186724209-content\" class=\"accordion-inner\" aria-labelledby=\"accordion-2186724209-label\">\n\t\t\t\n<p><a href=\"https:\/\/hsc.animaker.com.br\/wp-content\/uploads\/sites\/147\/2021\/09\/Relac\u0327a\u0303o-Prestadores-de-Servic\u0327o-Pessoa-Juri\u0301dica-4.pdf\">Relac\u0327a\u0303o Prestadores de Servic\u0327o (Pessoa Juri\u0301dica)<\/a><\/p>\n\t\t<\/div>\n\t<\/div>\n\t\n\t<div id=\"accordion-2212601722\" class=\"accordion-item\">\n\t\t<a id=\"accordion-2212601722-label\" class=\"accordion-title plain\" href=\"#accordion-item-sobre-a-lei-de-acesso-\u00e0-informa\u00e7\u00e3o\" aria-expanded=\"false\" aria-controls=\"accordion-2212601722-content\">\n\t\t\t<button class=\"toggle\" aria-label=\"Toggle\"><i class=\"icon-angle-down\" aria-hidden=\"true\"><\/i><\/button>\n\t\t\t<span>Sobre a Lei de Acesso \u00e0 Informa\u00e7\u00e3o<\/span>\n\t\t<\/a>\n\t\t<div id=\"accordion-2212601722-content\" class=\"accordion-inner\" aria-labelledby=\"accordion-2212601722-label\">\n\t\t\t\n<p><a href=\"http:\/\/www.acessoainformacao.gov.br\/\"><span style=\"font-weight: 400\">Lei de Acesso \u00e0 Informa\u00e7\u00e3o<\/span><\/a><\/p>\n\t\t<\/div>\n\t<\/div>\n\t\n\t<div id=\"accordion-1964969013\" class=\"accordion-item\">\n\t\t<a id=\"accordion-1964969013-label\" class=\"accordion-title plain\" href=\"#accordion-item-estrutura\u00e7\u00e3o-da-informa\u00e7\u00e3o\" aria-expanded=\"false\" aria-controls=\"accordion-1964969013-content\">\n\t\t\t<button class=\"toggle\" aria-label=\"Toggle\"><i class=\"icon-angle-down\" aria-hidden=\"true\"><\/i><\/button>\n\t\t\t<span>Estrutura\u00e7\u00e3o da Informa\u00e7\u00e3o<\/span>\n\t\t<\/a>\n\t\t<div id=\"accordion-1964969013-content\" class=\"accordion-inner\" aria-labelledby=\"accordion-1964969013-label\">\n\t\t\t\n<p><img loading=\"lazy\" decoding=\"async\" class=\"alignnone wp-image-85 size-full\" src=\"https:\/\/hsc.animaker.com.br\/wp-content\/uploads\/sites\/147\/2020\/05\/spdm-icon-estrutura-v6.png\" alt=\"\" width=\"595\" height=\"842\" srcset=\"https:\/\/hsc.animaker.com.br\/wp-content\/uploads\/sites\/147\/2020\/05\/spdm-icon-estrutura-v6.png 595w, https:\/\/hsc.animaker.com.br\/wp-content\/uploads\/sites\/147\/2020\/05\/spdm-icon-estrutura-v6-212x300.png 212w\" sizes=\"auto, (max-width: 595px) 100vw, 595px\" \/><\/p>\n\t\t<\/div>\n\t<\/div>\n\t\n<\/div>\n\t\t<\/div>\n\t\t\t\t\t<\/div>\n\n\t\n<\/div>\n","protected":false},"excerpt":{"rendered":"","protected":false},"author":1,"featured_media":0,"parent":0,"menu_order":0,"comment_status":"closed","ping_status":"closed","template":"","meta":{"footnotes":""},"class_list":["post-7","page","type-page","status-publish","hentry"],"_links":{"self":[{"href":"https:\/\/hsc.animaker.com.br\/index.php?rest_route=\/wp\/v2\/pages\/7","targetHints":{"allow":["GET"]}}],"collection":[{"href":"https:\/\/hsc.animaker.com.br\/index.php?rest_route=\/wp\/v2\/pages"}],"about":[{"href":"https:\/\/hsc.animaker.com.br\/index.php?rest_route=\/wp\/v2\/types\/page"}],"author":[{"embeddable":true,"href":"https:\/\/hsc.animaker.com.br\/index.php?rest_route=\/wp\/v2\/users\/1"}],"replies":[{"embeddable":true,"href":"https:\/\/hsc.animaker.com.br\/index.php?rest_route=%2Fwp%2Fv2%2Fcomments&post=7"}],"version-history":[{"count":0,"href":"https:\/\/hsc.animaker.com.br\/index.php?rest_route=\/wp\/v2\/pages\/7\/revisions"}],"wp:attachment":[{"href":"https:\/\/hsc.animaker.com.br\/index.php?rest_route=%2Fwp%2Fv2%2Fmedia&parent=7"}],"curies":[{"name":"wp","href":"https:\/\/api.w.org\/{rel}","templated":true}]}}