{"id":476,"date":"2021-09-02T19:17:13","date_gmt":"2021-09-02T19:17:13","guid":{"rendered":"https:\/\/hsc.animaker.com.br\/?page_id=476"},"modified":"2021-09-02T19:59:25","modified_gmt":"2021-09-02T19:59:25","slug":"covid-19","status":"publish","type":"page","link":"https:\/\/hsc.animaker.com.br\/?page_id=476","title":{"rendered":"COVID-19"},"content":{"rendered":"<div class=\"row\"  id=\"row-1095364697\">\n\n\t<div id=\"col-2031887711\" class=\"col small-12 large-12\"  >\n\t\t\t\t<div class=\"col-inner\"  >\n\t\t\t\n\t\t\t\n<div class=\"container section-title-container\" ><h3 class=\"section-title section-title-normal\"><b aria-hidden=\"true\"><\/b><span class=\"section-title-main\" >COVID-19<\/span><b aria-hidden=\"true\"><\/b><\/h3><\/div>\n<div class=\"row row-small\"  id=\"row-415813620\">\n\n\t<div id=\"col-1586412826\" class=\"col medium-4 small-12 large-4\"  >\n\t\t\t\t<div class=\"col-inner\"  >\n\t\t\t\n\t\t\t\n\t<div id=\"text-3282133663\" class=\"text\">\n\t\t\n<p><img loading=\"lazy\" decoding=\"async\" class=\"alignnone size-medium wp-image-479\" src=\"https:\/\/hsc.animaker.com.br\/wp-content\/uploads\/sites\/147\/2021\/09\/spdm-site-imagem-coronavirus-250x300.png\" alt=\"\" width=\"250\" height=\"300\" srcset=\"https:\/\/hsc.animaker.com.br\/wp-content\/uploads\/sites\/147\/2021\/09\/spdm-site-imagem-coronavirus-250x300.png 250w, https:\/\/hsc.animaker.com.br\/wp-content\/uploads\/sites\/147\/2021\/09\/spdm-site-imagem-coronavirus.png 400w\" sizes=\"auto, (max-width: 250px) 100vw, 250px\" \/><\/p>\n\t\t\n<style>\n#text-3282133663 {\n  text-align: center;\n}\n<\/style>\n\t<\/div>\n\t\n\t\t<\/div>\n\t\t\t\t\t<\/div>\n\n\t\n\n\t<div id=\"col-173739747\" class=\"col medium-8 small-12 large-8\"  >\n\t\t\t\t<div class=\"col-inner\"  >\n\t\t\t\n\t\t\t\n<button id=\"bb1\" type=\"button\" value=\"Play\" class=\"responsivevoice-button\" title=\"ResponsiveVoice Tap to Start\/Stop Speech\"><span>&#128266; Ouvir<\/span><\/button>\n        <script>\n            bb1.onclick = function(){\n                if(responsiveVoice.isPlaying()){\n                    responsiveVoice.cancel();\n                }else{\n                    responsiveVoice.speak(\"A COVID -19 \u00e9 uma doen\u00e7a causada pelo coronav\u00edrus SARS-Cov-2, que apresenta um quadro cl\u00ednico que varia de infec\u00e7\u00f5es assintom\u00e1ticas a quadros respirat\u00f3rios graves. De acordo com a Organiza\u00e7\u00e3o Mundial de Sa\u00fade (OMS), maioria dos pacientes com COVID-19 (cerca de 80%) podem ser assintom\u00e1ticos e cerca de 20% dos casos podem requerer atendimento hospitalar por apresentarem dificuldades respirat\u00f3ria e desses casos aproximadamente 5% podem necessitar de suporte para o tratamento de insufici\u00eancia respirat\u00f3ria. QUAIS S\u00c3O OS SINTOMAS:\u00a0 Os sintomas da COVID-19 podem variar de um simples resfriado at\u00e9 uma pneumonia severa.\u00a0 Tosse\u00a0 Febre\u00a0 Coriza Dor de Garganta Dificuldade para respirar\", \"Brazilian Portuguese Female\");\n                }\n            };\n        <\/script>\n    <span style=\"font-weight: 400;\">A COVID -19 \u00e9 uma doen\u00e7a causada pelo coronav\u00edrus SARS-Cov-2, que apresenta um quadro cl\u00ednico que varia de infec\u00e7\u00f5es assintom\u00e1ticas a quadros respirat\u00f3rios graves.<\/span><\/p>\n<p style=\"text-align: justify;\"><span style=\"font-weight: 400;\">De acordo com a Organiza\u00e7\u00e3o Mundial de Sa\u00fade (OMS), maioria dos pacientes com COVID-19 (cerca de 80%) podem ser assintom\u00e1ticos e cerca de 20% dos casos podem requerer atendimento hospitalar por apresentarem dificuldades respirat\u00f3ria e desses casos aproximadamente 5% podem necessitar de suporte para o tratamento de insufici\u00eancia respirat\u00f3ria.<\/span><\/p>\n<p style=\"text-align: justify;\"><b>QUAIS S\u00c3O OS SINTOMAS:\u00a0<\/b><\/p>\n<p style=\"text-align: justify;\"><span style=\"font-weight: 400;\">Os sintomas da COVID-19 podem variar de um simples resfriado at\u00e9 uma pneumonia severa.\u00a0<\/span><\/p>\n<ul>\n<li style=\"font-weight: 400; text-align: justify;\" aria-level=\"1\"><span style=\"font-weight: 400;\">Tosse\u00a0<\/span><\/li>\n<li style=\"font-weight: 400; text-align: justify;\" aria-level=\"1\"><span style=\"font-weight: 400;\">Febre\u00a0<\/span><\/li>\n<li style=\"font-weight: 400; text-align: justify;\" aria-level=\"1\"><span style=\"font-weight: 400;\">Coriza<\/span><\/li>\n<li style=\"font-weight: 400; text-align: justify;\" aria-level=\"1\"><span style=\"font-weight: 400;\">Dor de Garganta<\/span><\/li>\n<li style=\"font-weight: 400; text-align: justify;\" aria-level=\"1\"><span style=\"font-weight: 400;\">Dificuldade para respirar <\/span><\/li>\n<\/ul>\n\n\t\t<\/div>\n\t\t\t\t\t<\/div>\n\n\t\n<\/div>\n\t\t<\/div>\n\t\t\t\t\t<\/div>\n\n\t\n<\/div>\n","protected":false},"excerpt":{"rendered":"","protected":false},"author":1,"featured_media":0,"parent":0,"menu_order":0,"comment_status":"closed","ping_status":"closed","template":"","meta":{"footnotes":""},"class_list":["post-476","page","type-page","status-publish","hentry"],"_links":{"self":[{"href":"https:\/\/hsc.animaker.com.br\/index.php?rest_route=\/wp\/v2\/pages\/476","targetHints":{"allow":["GET"]}}],"collection":[{"href":"https:\/\/hsc.animaker.com.br\/index.php?rest_route=\/wp\/v2\/pages"}],"about":[{"href":"https:\/\/hsc.animaker.com.br\/index.php?rest_route=\/wp\/v2\/types\/page"}],"author":[{"embeddable":true,"href":"https:\/\/hsc.animaker.com.br\/index.php?rest_route=\/wp\/v2\/users\/1"}],"replies":[{"embeddable":true,"href":"https:\/\/hsc.animaker.com.br\/index.php?rest_route=%2Fwp%2Fv2%2Fcomments&post=476"}],"version-history":[{"count":0,"href":"https:\/\/hsc.animaker.com.br\/index.php?rest_route=\/wp\/v2\/pages\/476\/revisions"}],"wp:attachment":[{"href":"https:\/\/hsc.animaker.com.br\/index.php?rest_route=%2Fwp%2Fv2%2Fmedia&parent=476"}],"curies":[{"name":"wp","href":"https:\/\/api.w.org\/{rel}","templated":true}]}}