{"id":100,"date":"2020-05-28T17:41:09","date_gmt":"2020-05-28T20:41:09","guid":{"rendered":"http:\/\/hospitaldecampanhaanhembi.animaker.com.br\/?page_id=100"},"modified":"2021-09-02T20:31:21","modified_gmt":"2021-09-02T20:31:21","slug":"manual-de-conformidade-administrativa-politicas-e-principios-de-integridade","status":"publish","type":"page","link":"https:\/\/hsc.animaker.com.br\/?page_id=100","title":{"rendered":"Manual de Conformidade Administrativa, Pol\u00edticas e Princ\u00edpios de Integridade"},"content":{"rendered":"<div class=\"container section-title-container\" ><h3 class=\"section-title section-title-normal\"><b aria-hidden=\"true\"><\/b><span class=\"section-title-main\" >Manual de Conformidade Administrativa, Pol\u00edticas e Princ\u00edpios de Integridade<\/span><b aria-hidden=\"true\"><\/b><\/h3><\/div>\n<div class=\"row row-small\"  id=\"row-1367660273\">\n\n\t<div id=\"col-17342450\" class=\"col small-12 large-12\"  >\n\t\t\t\t<div class=\"col-inner\"  >\n\t\t\t\n\t\t\t\n<p style=\"text-align: justify;\"><span style=\"font-weight: 400;\">Nos hospitais de Campanha para atendimento de pacientes com Covid-19 gerenciados pela SPDM, como o Hospital de Campanha do Anhembi, todos os profissionais passaram por integra\u00e7\u00e3o com a equipe de Recursos Humanos previamente ao in\u00edcio da atua\u00e7\u00e3o profissional. Parte importante da integra\u00e7\u00e3o dos colaboradores, \u00e9 o treinamento e recebimento formal do c\u00f3digo de conduta da SPDM (Manual de Conformidade Administrativa, Pol\u00edtica e Princ\u00edpios de Integridade).<\/span><\/p>\n<p style=\"text-align: justify;\"><span style=\"font-weight: 400;\">A entrega do c\u00f3digo de conduta \u00e9 um indicador acompanhado pela \u00e1rea de Compliance e sua meta \u00e9 que atenda 100% dos colaboradores.<\/span><\/p>\n<p style=\"text-align: center;\"><img loading=\"lazy\" decoding=\"async\" class=\"alignnone wp-image-136 size-full\" src=\"https:\/\/hsc.animaker.com.br\/wp-content\/uploads\/sites\/147\/2020\/05\/Manual_CAPPI_2018_WEB-1-565x800-1.jpg\" alt=\"\" width=\"565\" height=\"800\" srcset=\"https:\/\/hsc.animaker.com.br\/wp-content\/uploads\/sites\/147\/2020\/05\/Manual_CAPPI_2018_WEB-1-565x800-1.jpg 565w, https:\/\/hsc.animaker.com.br\/wp-content\/uploads\/sites\/147\/2020\/05\/Manual_CAPPI_2018_WEB-1-565x800-1-212x300.jpg 212w\" sizes=\"auto, (max-width: 565px) 100vw, 565px\" \/><\/p>\n<div class=\"row\"  id=\"row-1842241809\">\n\n\t<div id=\"col-2028835502\" class=\"col medium-4 small-12 large-4\"  >\n\t\t\t\t<div class=\"col-inner text-center\"  >\n\t\t\t\n\t\t\t\n\t<div class=\"img has-hover x md-x lg-x y md-y lg-y\" id=\"image_1286643409\">\n\t\t\t\t\t\t\t\t<div class=\"img-inner dark\" >\n\t\t\t<img loading=\"lazy\" decoding=\"async\" width=\"161\" height=\"298\" src=\"https:\/\/hsc.animaker.com.br\/wp-content\/uploads\/sites\/147\/2020\/05\/celular-app-spdm.png\" class=\"attachment-original size-original\" alt=\"\" \/>\t\t\t\t\t\t\n\t\t\t\t\t<\/div>\n\t\t\t\t\t\t\t\t\n<style>\n#image_1286643409 {\n  width: 34%;\n}\n<\/style>\n\t<\/div>\n\t\n\t\t<\/div>\n\t\t\t\t\t<\/div>\n\n\t\n\n\t<div id=\"col-1322993127\" class=\"col medium-8 small-12 large-8\"  >\n\t\t\t\t<div class=\"col-inner\"  >\n\t\t\t\n\t\t\t\n<p style=\"text-align: justify\"><span style=\"font-weight: 400\">Tamb\u00e9m disponibilizado o aplicativo para smartphone com o Manual de Conformidade Administrativa, Pol\u00edticas e Princ\u00edpios de Integridade da SPDM. <\/span><\/p>\n<p style=\"text-align: justify\"><span style=\"font-weight: 400\">Este aplicativo possui links de acesso direto ao Canal de Den\u00fancias, por meio dos sites da SPDM.<\/span><\/p>\n\t\t<\/div>\n\t\t\t\t\t<\/div>\n\n\t\n<\/div>\n\t\t<\/div>\n\t\t\t\t\t<\/div>\n\n\t\n<\/div>\n<h5 class=\"uppercase\">Manual de conformidade &#8211; anima\u00e7\u00f5es<\/h5>\n<div class=\"row row-small row-dashed\"  id=\"row-1992471981\">\n\n\t<div id=\"col-1167296791\" class=\"col medium-4 small-12 large-4\"  >\n\t\t\t\t<div class=\"col-inner\"  >\n\t\t\t\n\t\t\t\n<p>Introdu\u00e7\u00e3o<\/p>\n<div style=\"width: 600px;\" class=\"wp-video\"><video class=\"wp-video-shortcode\" id=\"video-100-1\" width=\"600\" height=\"338\" preload=\"metadata\" controls=\"controls\"><source type=\"video\/mp4\" src=\"http:\/\/hospitaldecampanhaanhembi.spdmafiliadas.org.br\/wp-content\/uploads\/sites\/41\/2020\/06\/Manual-de-Conformidade-SPDM-Introduc\u0327a\u0303o-e-Abrange\u0302ncia-2.mp4?_=1\" \/><a href=\"http:\/\/hospitaldecampanhaanhembi.spdmafiliadas.org.br\/wp-content\/uploads\/sites\/41\/2020\/06\/Manual-de-Conformidade-SPDM-Introduc\u0327a\u0303o-e-Abrange\u0302ncia-2.mp4\">http:\/\/hospitaldecampanhaanhembi.spdmafiliadas.org.br\/wp-content\/uploads\/sites\/41\/2020\/06\/Manual-de-Conformidade-SPDM-Introduc\u0327a\u0303o-e-Abrange\u0302ncia-2.mp4<\/a><\/video><\/div>\n\t\t<\/div>\n\t\t\t\t\t<\/div>\n\n\t\n\n\t<div id=\"col-1375744439\" class=\"col medium-4 small-12 large-4\"  >\n\t\t\t\t<div class=\"col-inner\"  >\n\t\t\t\n\t\t\t\n<p>Cap\u00edtulo 3 &#8211; Defini\u00e7\u00f5es | Conceitos<\/p>\n<div style=\"width: 600px;\" class=\"wp-video\"><video class=\"wp-video-shortcode\" id=\"video-100-2\" width=\"600\" height=\"338\" preload=\"metadata\" controls=\"controls\"><source type=\"video\/mp4\" src=\"http:\/\/hospitaldecampanhaanhembi.spdmafiliadas.org.br\/wp-content\/uploads\/sites\/41\/2020\/06\/Capitulo-3-Definicoes-e-Conceitos-1.mp4?_=2\" \/><a href=\"http:\/\/hospitaldecampanhaanhembi.spdmafiliadas.org.br\/wp-content\/uploads\/sites\/41\/2020\/06\/Capitulo-3-Definicoes-e-Conceitos-1.mp4\">http:\/\/hospitaldecampanhaanhembi.spdmafiliadas.org.br\/wp-content\/uploads\/sites\/41\/2020\/06\/Capitulo-3-Definicoes-e-Conceitos-1.mp4<\/a><\/video><\/div>\n\t\t<\/div>\n\t\t\t\t\t<\/div>\n\n\t\n\n\t<div id=\"col-1991274584\" class=\"col medium-4 small-12 large-4\"  >\n\t\t\t\t<div class=\"col-inner\"  >\n\t\t\t\n\t\t\t\n<p>Cap\u00edtulo 4 &#8211; Diretrizes Legais<\/p>\n<div style=\"width: 600px;\" class=\"wp-video\"><video class=\"wp-video-shortcode\" id=\"video-100-3\" width=\"600\" height=\"338\" preload=\"metadata\" controls=\"controls\"><source type=\"video\/mp4\" src=\"http:\/\/hospitaldecampanhaanhembi.spdmafiliadas.org.br\/wp-content\/uploads\/sites\/41\/2020\/06\/Capitulo-4-Diretrizes-Legais-1.mp4?_=3\" \/><a href=\"http:\/\/hospitaldecampanhaanhembi.spdmafiliadas.org.br\/wp-content\/uploads\/sites\/41\/2020\/06\/Capitulo-4-Diretrizes-Legais-1.mp4\">http:\/\/hospitaldecampanhaanhembi.spdmafiliadas.org.br\/wp-content\/uploads\/sites\/41\/2020\/06\/Capitulo-4-Diretrizes-Legais-1.mp4<\/a><\/video><\/div>\n\t\t<\/div>\n\t\t\t\t\t<\/div>\n\n\t\n\n\t<div id=\"col-1152321530\" class=\"col medium-4 small-12 large-4\"  >\n\t\t\t\t<div class=\"col-inner\"  >\n\t\t\t\n\t\t\t\n<p>Cap\u00edtulo 5 &#8211; Da Governan\u00e7a Corporativa<\/p>\n<div style=\"width: 600px;\" class=\"wp-video\"><video class=\"wp-video-shortcode\" id=\"video-100-4\" width=\"600\" height=\"338\" preload=\"metadata\" controls=\"controls\"><source type=\"video\/mp4\" src=\"http:\/\/hospitaldecampanhaanhembi.spdmafiliadas.org.br\/wp-content\/uploads\/sites\/41\/2020\/06\/Capitulo-5-Governanca-corporativa.mp4?_=4\" \/><a href=\"http:\/\/hospitaldecampanhaanhembi.spdmafiliadas.org.br\/wp-content\/uploads\/sites\/41\/2020\/06\/Capitulo-5-Governanca-corporativa.mp4\">http:\/\/hospitaldecampanhaanhembi.spdmafiliadas.org.br\/wp-content\/uploads\/sites\/41\/2020\/06\/Capitulo-5-Governanca-corporativa.mp4<\/a><\/video><\/div>\n\t\t<\/div>\n\t\t\t\t\t<\/div>\n\n\t\n\n\t<div id=\"col-421505148\" class=\"col medium-4 small-12 large-4\"  >\n\t\t\t\t<div class=\"col-inner\"  >\n\t\t\t\n\t\t\t\n<p>Cap\u00edtulo 6 &#8211; Pol\u00edtica de Preven\u00e7\u00e3o e Detec\u00e7\u00e3o de Atos de Natureza Il\u00edcita<\/p>\n<div style=\"width: 600px;\" class=\"wp-video\"><video class=\"wp-video-shortcode\" id=\"video-100-5\" width=\"600\" height=\"338\" preload=\"metadata\" controls=\"controls\"><source type=\"video\/mp4\" src=\"http:\/\/hospitaldecampanhaanhembi.spdmafiliadas.org.br\/wp-content\/uploads\/sites\/41\/2020\/06\/Capi\u0301tulo-6-Politicas-de-Prevenc\u0327a\u0303o-e-Detecc\u0327a\u0303o-de-Atos-de-Natureza-Ilicita.mp4?_=5\" \/><a href=\"http:\/\/hospitaldecampanhaanhembi.spdmafiliadas.org.br\/wp-content\/uploads\/sites\/41\/2020\/06\/Capi\u0301tulo-6-Politicas-de-Prevenc\u0327a\u0303o-e-Detecc\u0327a\u0303o-de-Atos-de-Natureza-Ilicita.mp4\">http:\/\/hospitaldecampanhaanhembi.spdmafiliadas.org.br\/wp-content\/uploads\/sites\/41\/2020\/06\/Capi\u0301tulo-6-Politicas-de-Prevenc\u0327a\u0303o-e-Detecc\u0327a\u0303o-de-Atos-de-Natureza-Ilicita.mp4<\/a><\/video><\/div>\n\t\t<\/div>\n\t\t\t\t\t<\/div>\n\n\t\n\n\t<div id=\"col-531442696\" class=\"col medium-4 small-12 large-4\"  >\n\t\t\t\t<div class=\"col-inner\"  >\n\t\t\t\n\t\t\t\n<p>Cap\u00edtulo 7 &#8211; Regras e Procedimentos | Na Conduta Pessoal<\/p>\n<div style=\"width: 600px;\" class=\"wp-video\"><video class=\"wp-video-shortcode\" id=\"video-100-6\" width=\"600\" height=\"338\" preload=\"metadata\" controls=\"controls\"><source type=\"video\/mp4\" src=\"http:\/\/hospitaldecampanhaanhembi.spdmafiliadas.org.br\/wp-content\/uploads\/sites\/41\/2020\/06\/CAP-7.1-Manual-Conduta-pessoal.mp4?_=6\" \/><a href=\"http:\/\/hospitaldecampanhaanhembi.spdmafiliadas.org.br\/wp-content\/uploads\/sites\/41\/2020\/06\/CAP-7.1-Manual-Conduta-pessoal.mp4\">http:\/\/hospitaldecampanhaanhembi.spdmafiliadas.org.br\/wp-content\/uploads\/sites\/41\/2020\/06\/CAP-7.1-Manual-Conduta-pessoal.mp4<\/a><\/video><\/div>\n\t\t<\/div>\n\t\t\t\t\t<\/div>\n\n\t\n<\/div>\n<div class=\"row row-small row-dashed\"  id=\"row-1244926545\">\n\n\t<div id=\"col-1167774298\" class=\"col medium-4 small-12 large-4\"  >\n\t\t\t\t<div class=\"col-inner\"  >\n\t\t\t\n\t\t\t\n<p>Cap\u00edtulo 7 &#8211; No Relacionamento com Funcion\u00e1rios<\/p>\n<div style=\"width: 600px;\" class=\"wp-video\"><video class=\"wp-video-shortcode\" id=\"video-100-7\" width=\"600\" height=\"338\" preload=\"metadata\" controls=\"controls\"><source type=\"video\/mp4\" src=\"http:\/\/hospitaldecampanhaanhembi.spdmafiliadas.org.br\/wp-content\/uploads\/sites\/41\/2020\/06\/Capitulo-7.2-Relacionamento-com-Funcionarios.mp4?_=7\" \/><a href=\"http:\/\/hospitaldecampanhaanhembi.spdmafiliadas.org.br\/wp-content\/uploads\/sites\/41\/2020\/06\/Capitulo-7.2-Relacionamento-com-Funcionarios.mp4\">http:\/\/hospitaldecampanhaanhembi.spdmafiliadas.org.br\/wp-content\/uploads\/sites\/41\/2020\/06\/Capitulo-7.2-Relacionamento-com-Funcionarios.mp4<\/a><\/video><\/div>\n\t\t<\/div>\n\t\t\t\t\t<\/div>\n\n\t\n\n\t<div id=\"col-406681278\" class=\"col medium-4 small-12 large-4\"  >\n\t\t\t\t<div class=\"col-inner\"  >\n\t\t\t\n\t\t\t\n<p>Cap\u00edtulo 7 &#8211; Regras e Procedimentos | Nas Rela\u00e7\u00f5es Interpessoais<\/p>\n<div style=\"width: 600px;\" class=\"wp-video\"><video class=\"wp-video-shortcode\" id=\"video-100-8\" width=\"600\" height=\"338\" preload=\"metadata\" controls=\"controls\"><source type=\"video\/mp4\" src=\"http:\/\/hospitaldecampanhaanhembi.spdmafiliadas.org.br\/wp-content\/uploads\/sites\/41\/2020\/06\/Capitulo-7.3-Nas-relacoes-interpessoais.mp4?_=8\" \/><a href=\"http:\/\/hospitaldecampanhaanhembi.spdmafiliadas.org.br\/wp-content\/uploads\/sites\/41\/2020\/06\/Capitulo-7.3-Nas-relacoes-interpessoais.mp4\">http:\/\/hospitaldecampanhaanhembi.spdmafiliadas.org.br\/wp-content\/uploads\/sites\/41\/2020\/06\/Capitulo-7.3-Nas-relacoes-interpessoais.mp4<\/a><\/video><\/div>\n\t\t<\/div>\n\t\t\t\t\t<\/div>\n\n\t\n\n\t<div id=\"col-339745934\" class=\"col medium-4 small-12 large-4\"  >\n\t\t\t\t<div class=\"col-inner\"  >\n\t\t\t\n\t\t\t\n<p>Cap\u00edtulo 7 &#8211; Regras e Procedimentos | Nas Rela\u00e7\u00f5es com Fornecedores e Prestadores<\/p>\n<div style=\"width: 600px;\" class=\"wp-video\"><video class=\"wp-video-shortcode\" id=\"video-100-9\" width=\"600\" height=\"338\" preload=\"metadata\" controls=\"controls\"><source type=\"video\/mp4\" src=\"http:\/\/hospitaldecampanhaanhembi.spdmafiliadas.org.br\/wp-content\/uploads\/sites\/41\/2020\/06\/Capitulo-7.4-Relacoes-com-fornecedores-e-prestadores-de-servicos-.mp4?_=9\" \/><a href=\"http:\/\/hospitaldecampanhaanhembi.spdmafiliadas.org.br\/wp-content\/uploads\/sites\/41\/2020\/06\/Capitulo-7.4-Relacoes-com-fornecedores-e-prestadores-de-servicos-.mp4\">http:\/\/hospitaldecampanhaanhembi.spdmafiliadas.org.br\/wp-content\/uploads\/sites\/41\/2020\/06\/Capitulo-7.4-Relacoes-com-fornecedores-e-prestadores-de-servicos-.mp4<\/a><\/video><\/div>\n\t\t<\/div>\n\t\t\t\t\t<\/div>\n\n\t\n\n\t<div id=\"col-339904028\" class=\"col medium-4 small-12 large-4\"  >\n\t\t\t\t<div class=\"col-inner\"  >\n\t\t\t\n\t\t\t\n<p>Cap\u00edtulo 7 &#8211; Regras e Procedimentos | Nas Rela\u00e7\u00f5es com Parceiros Comerciais e Concorrentes<\/p>\n<div style=\"width: 600px;\" class=\"wp-video\"><video class=\"wp-video-shortcode\" id=\"video-100-10\" width=\"600\" height=\"338\" preload=\"metadata\" controls=\"controls\"><source type=\"video\/mp4\" src=\"http:\/\/hospitaldecampanhaanhembi.spdmafiliadas.org.br\/wp-content\/uploads\/sites\/41\/2020\/06\/Capitulo-7.5-Relacoes-com-Parceiros-Comerciais-e-Concorrentes.mp4?_=10\" \/><a href=\"http:\/\/hospitaldecampanhaanhembi.spdmafiliadas.org.br\/wp-content\/uploads\/sites\/41\/2020\/06\/Capitulo-7.5-Relacoes-com-Parceiros-Comerciais-e-Concorrentes.mp4\">http:\/\/hospitaldecampanhaanhembi.spdmafiliadas.org.br\/wp-content\/uploads\/sites\/41\/2020\/06\/Capitulo-7.5-Relacoes-com-Parceiros-Comerciais-e-Concorrentes.mp4<\/a><\/video><\/div>\n\t\t<\/div>\n\t\t\t\t\t<\/div>\n\n\t\n\n\t<div id=\"col-116768895\" class=\"col medium-4 small-12 large-4\"  >\n\t\t\t\t<div class=\"col-inner\"  >\n\t\t\t\n\t\t\t\n<p>Cap\u00edtulo 7 &#8211; Regras e Procedimentos | Livros e Registros<\/p>\n<div style=\"width: 600px;\" class=\"wp-video\"><video class=\"wp-video-shortcode\" id=\"video-100-11\" width=\"600\" height=\"338\" preload=\"metadata\" controls=\"controls\"><source type=\"video\/mp4\" src=\"http:\/\/hospitaldecampanhaanhembi.spdmafiliadas.org.br\/wp-content\/uploads\/sites\/41\/2020\/06\/Capi\u0301tulo-7.6-Regras-e-Procedimentos-Livros-e-Registros.mp4?_=11\" \/><a href=\"http:\/\/hospitaldecampanhaanhembi.spdmafiliadas.org.br\/wp-content\/uploads\/sites\/41\/2020\/06\/Capi\u0301tulo-7.6-Regras-e-Procedimentos-Livros-e-Registros.mp4\">http:\/\/hospitaldecampanhaanhembi.spdmafiliadas.org.br\/wp-content\/uploads\/sites\/41\/2020\/06\/Capi\u0301tulo-7.6-Regras-e-Procedimentos-Livros-e-Registros.mp4<\/a><\/video><\/div>\n\t\t<\/div>\n\t\t\t\t\t<\/div>\n\n\t\n\n\t<div id=\"col-943979385\" class=\"col medium-4 small-12 large-4\"  >\n\t\t\t\t<div class=\"col-inner\"  >\n\t\t\t\n\t\t\t\n<p>Cap\u00edtulo 7 &#8211; Regras e Procedimentos | Nas Rela\u00e7\u00f5es com Entes Governamentais e Representantes de Classe<\/p>\n<div style=\"width: 600px;\" class=\"wp-video\"><video class=\"wp-video-shortcode\" id=\"video-100-12\" width=\"600\" height=\"338\" preload=\"metadata\" controls=\"controls\"><source type=\"video\/mp4\" src=\"http:\/\/hospitaldecampanhaanhembi.spdmafiliadas.org.br\/wp-content\/uploads\/sites\/41\/2020\/06\/Capi\u0301tulo-7.7-Regras-e-Procedimentos-Relac\u0327o\u0303es-com-Entes-Governamentais-e-Representantes-de-Classe.mp4?_=12\" \/><a href=\"http:\/\/hospitaldecampanhaanhembi.spdmafiliadas.org.br\/wp-content\/uploads\/sites\/41\/2020\/06\/Capi\u0301tulo-7.7-Regras-e-Procedimentos-Relac\u0327o\u0303es-com-Entes-Governamentais-e-Representantes-de-Classe.mp4\">http:\/\/hospitaldecampanhaanhembi.spdmafiliadas.org.br\/wp-content\/uploads\/sites\/41\/2020\/06\/Capi\u0301tulo-7.7-Regras-e-Procedimentos-Relac\u0327o\u0303es-com-Entes-Governamentais-e-Representantes-de-Classe.mp4<\/a><\/video><\/div>\n\t\t<\/div>\n\t\t\t\t\t<\/div>\n\n\t\n<\/div>\n<div class=\"row row-dashed\"  id=\"row-1135765982\">\n\n\t<div id=\"col-1366737959\" class=\"col medium-4 small-12 large-4\"  >\n\t\t\t\t<div class=\"col-inner\"  >\n\t\t\t\n\t\t\t\n<p>Cap\u00edtulo 7 &#8211; Regras e Procedimentos | Seguran\u00e7a Ocupacional e Meio Ambiente<\/p>\n<div style=\"width: 600px;\" class=\"wp-video\"><video class=\"wp-video-shortcode\" id=\"video-100-13\" width=\"600\" height=\"338\" preload=\"metadata\" controls=\"controls\"><source type=\"video\/mp4\" src=\"http:\/\/hospitaldecampanhaanhembi.spdmafiliadas.org.br\/wp-content\/uploads\/sites\/41\/2020\/06\/Capi\u0301tulo-7.8-Regras-e-Procedimentos-Seguranca-Ocupacional-e-Meio-Ambiente.mp4?_=13\" \/><a href=\"http:\/\/hospitaldecampanhaanhembi.spdmafiliadas.org.br\/wp-content\/uploads\/sites\/41\/2020\/06\/Capi\u0301tulo-7.8-Regras-e-Procedimentos-Seguranca-Ocupacional-e-Meio-Ambiente.mp4\">http:\/\/hospitaldecampanhaanhembi.spdmafiliadas.org.br\/wp-content\/uploads\/sites\/41\/2020\/06\/Capi\u0301tulo-7.8-Regras-e-Procedimentos-Seguranca-Ocupacional-e-Meio-Ambiente.mp4<\/a><\/video><\/div>\n\t\t<\/div>\n\t\t\t\t\t<\/div>\n\n\t\n\n\t<div id=\"col-359959513\" class=\"col medium-4 small-12 large-4\"  >\n\t\t\t\t<div class=\"col-inner\"  >\n\t\t\t\n\t\t\t\n<p>Cap\u00edtulo 7 &#8211; Regras e Procedimentos | Na Utiliza\u00e7\u00e3o de Informa\u00e7\u00f5es<\/p>\n<div style=\"width: 600px;\" class=\"wp-video\"><video class=\"wp-video-shortcode\" id=\"video-100-14\" width=\"600\" height=\"338\" preload=\"metadata\" controls=\"controls\"><source type=\"video\/mp4\" src=\"http:\/\/hospitaldecampanhaanhembi.spdmafiliadas.org.br\/wp-content\/uploads\/sites\/41\/2020\/06\/Capi\u0301tulo-7-Regras-e-Procedimentos-Utilizac\u0327a\u0303o-de-Informac\u0327o\u0303es.mp4?_=14\" \/><a href=\"http:\/\/hospitaldecampanhaanhembi.spdmafiliadas.org.br\/wp-content\/uploads\/sites\/41\/2020\/06\/Capi\u0301tulo-7-Regras-e-Procedimentos-Utilizac\u0327a\u0303o-de-Informac\u0327o\u0303es.mp4\">http:\/\/hospitaldecampanhaanhembi.spdmafiliadas.org.br\/wp-content\/uploads\/sites\/41\/2020\/06\/Capi\u0301tulo-7-Regras-e-Procedimentos-Utilizac\u0327a\u0303o-de-Informac\u0327o\u0303es.mp4<\/a><\/video><\/div>\n\t\t<\/div>\n\t\t\t\t\t<\/div>\n\n\t\n\n\t<div id=\"col-1656729915\" class=\"col medium-4 small-12 large-4\"  >\n\t\t\t\t<div class=\"col-inner\"  >\n\t\t\t\n\t\t\t\n<p>Cap\u00edtulo 7 &#8211; Regras e Procedimentos | Imagem Institucional e Reputa\u00e7\u00e3o<\/p>\n<div style=\"width: 600px;\" class=\"wp-video\"><video class=\"wp-video-shortcode\" id=\"video-100-15\" width=\"600\" height=\"338\" preload=\"metadata\" controls=\"controls\"><source type=\"video\/mp4\" src=\"http:\/\/hospitaldecampanhaanhembi.spdmafiliadas.org.br\/wp-content\/uploads\/sites\/41\/2020\/06\/Capi\u0301tulo-7.10-Regras-e-Procedimentos-Imagem-Institucional-e-Reputac\u0327a\u0303o.mp4?_=15\" \/><a href=\"http:\/\/hospitaldecampanhaanhembi.spdmafiliadas.org.br\/wp-content\/uploads\/sites\/41\/2020\/06\/Capi\u0301tulo-7.10-Regras-e-Procedimentos-Imagem-Institucional-e-Reputac\u0327a\u0303o.mp4\">http:\/\/hospitaldecampanhaanhembi.spdmafiliadas.org.br\/wp-content\/uploads\/sites\/41\/2020\/06\/Capi\u0301tulo-7.10-Regras-e-Procedimentos-Imagem-Institucional-e-Reputac\u0327a\u0303o.mp4<\/a><\/video><\/div>\n\t\t<\/div>\n\t\t\t\t\t<\/div>\n\n\t\n\n\t<div id=\"col-1157686319\" class=\"col medium-4 small-12 large-4\"  >\n\t\t\t\t<div class=\"col-inner\"  >\n\t\t\t\n\t\t\t\n<p>Cap\u00edtulo 7 &#8211; Regras e Procedimentos | Dos Recursos Gerenciados pela SPDM<\/p>\n<div style=\"width: 600px;\" class=\"wp-video\"><video class=\"wp-video-shortcode\" id=\"video-100-16\" width=\"600\" height=\"338\" preload=\"metadata\" controls=\"controls\"><source type=\"video\/mp4\" src=\"http:\/\/hospitaldecampanhaanhembi.spdmafiliadas.org.br\/wp-content\/uploads\/sites\/41\/2020\/06\/Capi\u0301tulo-7.11-Regras-e-Procedimentos-Dos-Recursos-Gerenciados-pela-SPDM.mp4?_=16\" \/><a href=\"http:\/\/hospitaldecampanhaanhembi.spdmafiliadas.org.br\/wp-content\/uploads\/sites\/41\/2020\/06\/Capi\u0301tulo-7.11-Regras-e-Procedimentos-Dos-Recursos-Gerenciados-pela-SPDM.mp4\">http:\/\/hospitaldecampanhaanhembi.spdmafiliadas.org.br\/wp-content\/uploads\/sites\/41\/2020\/06\/Capi\u0301tulo-7.11-Regras-e-Procedimentos-Dos-Recursos-Gerenciados-pela-SPDM.mp4<\/a><\/video><\/div>\n\t\t<\/div>\n\t\t\t\t\t<\/div>\n\n\t\n\n\t<div id=\"col-716327023\" class=\"col medium-4 small-12 large-4\"  >\n\t\t\t\t<div class=\"col-inner\"  >\n\t\t\t\n\t\t\t\n<p>Cap\u00edtulo 7 &#8211; Regras e Procedimentos | Gest\u00e3o Financeira<\/p>\n<div style=\"width: 600px;\" class=\"wp-video\"><video class=\"wp-video-shortcode\" id=\"video-100-17\" width=\"600\" height=\"338\" preload=\"metadata\" controls=\"controls\"><source type=\"video\/mp4\" src=\"http:\/\/hospitaldecampanhaanhembi.spdmafiliadas.org.br\/wp-content\/uploads\/sites\/41\/2020\/06\/Capi\u0301tulo-7.12-Regras-e-Procedimentos-Gesta\u0303o-Financeira.mp4?_=17\" \/><a href=\"http:\/\/hospitaldecampanhaanhembi.spdmafiliadas.org.br\/wp-content\/uploads\/sites\/41\/2020\/06\/Capi\u0301tulo-7.12-Regras-e-Procedimentos-Gesta\u0303o-Financeira.mp4\">http:\/\/hospitaldecampanhaanhembi.spdmafiliadas.org.br\/wp-content\/uploads\/sites\/41\/2020\/06\/Capi\u0301tulo-7.12-Regras-e-Procedimentos-Gesta\u0303o-Financeira.mp4<\/a><\/video><\/div>\n\t\t<\/div>\n\t\t\t\t\t<\/div>\n\n\t\n\n\t<div id=\"col-192671690\" class=\"col medium-4 small-12 large-4\"  >\n\t\t\t\t<div class=\"col-inner\"  >\n\t\t\t\n\t\t\t\n<p>Cap\u00edtulo 7 &#8211; Regras e Procedimentos | Sinais de Alerta<\/p>\n<div style=\"width: 600px;\" class=\"wp-video\"><video class=\"wp-video-shortcode\" id=\"video-100-18\" width=\"600\" height=\"338\" preload=\"metadata\" controls=\"controls\"><source type=\"video\/mp4\" src=\"http:\/\/hospitaldecampanhaanhembi.spdmafiliadas.org.br\/wp-content\/uploads\/sites\/41\/2020\/06\/Capi\u0301tulo-7.13-Regras-e-Procedimentos-Sinais-de-Alerta.mp4?_=18\" \/><a href=\"http:\/\/hospitaldecampanhaanhembi.spdmafiliadas.org.br\/wp-content\/uploads\/sites\/41\/2020\/06\/Capi\u0301tulo-7.13-Regras-e-Procedimentos-Sinais-de-Alerta.mp4\">http:\/\/hospitaldecampanhaanhembi.spdmafiliadas.org.br\/wp-content\/uploads\/sites\/41\/2020\/06\/Capi\u0301tulo-7.13-Regras-e-Procedimentos-Sinais-de-Alerta.mp4<\/a><\/video><\/div>\n\t\t<\/div>\n\t\t\t\t\t<\/div>\n\n\t\n<\/div>\n<div class=\"row row-small row-dashed\"  id=\"row-103162825\">\n\n\t<div id=\"col-9346440\" class=\"col medium-4 small-12 large-4\"  >\n\t\t\t\t<div class=\"col-inner\"  >\n\t\t\t\n\t\t\t\n<p>Cap\u00edtulo 8 &#8211; Viola\u00e7\u00f5es e San\u00e7\u00f5es Aplic\u00e1veis<\/p>\n<div style=\"width: 600px;\" class=\"wp-video\"><video class=\"wp-video-shortcode\" id=\"video-100-19\" width=\"600\" height=\"338\" preload=\"metadata\" controls=\"controls\"><source type=\"video\/mp4\" src=\"http:\/\/hospitaldecampanhaanhembi.spdmafiliadas.org.br\/wp-content\/uploads\/sites\/41\/2020\/06\/Capi\u0301tulo-8-Violac\u0327o\u0303es-e-Sanc\u0327o\u0303es-Aplicaveis.mp4?_=19\" \/><a href=\"http:\/\/hospitaldecampanhaanhembi.spdmafiliadas.org.br\/wp-content\/uploads\/sites\/41\/2020\/06\/Capi\u0301tulo-8-Violac\u0327o\u0303es-e-Sanc\u0327o\u0303es-Aplicaveis.mp4\">http:\/\/hospitaldecampanhaanhembi.spdmafiliadas.org.br\/wp-content\/uploads\/sites\/41\/2020\/06\/Capi\u0301tulo-8-Violac\u0327o\u0303es-e-Sanc\u0327o\u0303es-Aplicaveis.mp4<\/a><\/video><\/div>\n\t\t<\/div>\n\t\t\t\t\t<\/div>\n\n\t\n\n\t<div id=\"col-200270297\" class=\"col medium-4 small-12 large-4\"  >\n\t\t\t\t<div class=\"col-inner\"  >\n\t\t\t\n\t\t\t\n<p>Cap\u00edtulo 9 &#8211; Das Proibi\u00e7\u00f5es<\/p>\n<div style=\"width: 600px;\" class=\"wp-video\"><video class=\"wp-video-shortcode\" id=\"video-100-20\" width=\"600\" height=\"338\" preload=\"metadata\" controls=\"controls\"><source type=\"video\/mp4\" src=\"http:\/\/hospitaldecampanhaanhembi.spdmafiliadas.org.br\/wp-content\/uploads\/sites\/41\/2020\/06\/Capi\u0301tulo-9-Proibic\u0327o\u0303es.mp4?_=20\" \/><a href=\"http:\/\/hospitaldecampanhaanhembi.spdmafiliadas.org.br\/wp-content\/uploads\/sites\/41\/2020\/06\/Capi\u0301tulo-9-Proibic\u0327o\u0303es.mp4\">http:\/\/hospitaldecampanhaanhembi.spdmafiliadas.org.br\/wp-content\/uploads\/sites\/41\/2020\/06\/Capi\u0301tulo-9-Proibic\u0327o\u0303es.mp4<\/a><\/video><\/div>\n\t\t<\/div>\n\t\t\t\t\t<\/div>\n\n\t\n\n\t<div id=\"col-636804649\" class=\"col medium-4 small-12 large-4\"  >\n\t\t\t\t<div class=\"col-inner\"  >\n\t\t\t\n\t\t\t\n<p>Cap\u00edtulo 10 &#8211; Dos Canais de Comunica\u00e7\u00e3o e de Apura\u00e7\u00e3o<\/p>\n<div style=\"width: 600px;\" class=\"wp-video\"><video class=\"wp-video-shortcode\" id=\"video-100-21\" width=\"600\" height=\"338\" preload=\"metadata\" controls=\"controls\"><source type=\"video\/mp4\" src=\"http:\/\/hospitaldecampanhaanhembi.spdmafiliadas.org.br\/wp-content\/uploads\/sites\/41\/2020\/06\/Capi\u0301tulo-10.-Dos-Canais-de-Comunicac\u0327a\u0303o-e-de-Apurac\u0327a\u0303o.mp4?_=21\" \/><a href=\"http:\/\/hospitaldecampanhaanhembi.spdmafiliadas.org.br\/wp-content\/uploads\/sites\/41\/2020\/06\/Capi\u0301tulo-10.-Dos-Canais-de-Comunicac\u0327a\u0303o-e-de-Apurac\u0327a\u0303o.mp4\">http:\/\/hospitaldecampanhaanhembi.spdmafiliadas.org.br\/wp-content\/uploads\/sites\/41\/2020\/06\/Capi\u0301tulo-10.-Dos-Canais-de-Comunicac\u0327a\u0303o-e-de-Apurac\u0327a\u0303o.mp4<\/a><\/video><\/div>\n\t\t<\/div>\n\t\t\t\t\t<\/div>\n\n\t\n\n\t<div id=\"col-2083154627\" class=\"col medium-4 small-12 large-4\"  >\n\t\t\t\t<div class=\"col-inner\"  >\n\t\t\t\n\t\t\t\n<p>Cap\u00edtulo 11 &#8211; Disposi\u00e7\u00f5es Gerais<\/p>\n<div style=\"width: 600px;\" class=\"wp-video\"><video class=\"wp-video-shortcode\" id=\"video-100-22\" width=\"600\" height=\"338\" preload=\"metadata\" controls=\"controls\"><source type=\"video\/mp4\" src=\"http:\/\/hospitaldecampanhaanhembi.spdmafiliadas.org.br\/wp-content\/uploads\/sites\/41\/2020\/06\/Capi\u0301tulo-11-Disposic\u0327o\u0303es-Gerais.mp4?_=22\" \/><a href=\"http:\/\/hospitaldecampanhaanhembi.spdmafiliadas.org.br\/wp-content\/uploads\/sites\/41\/2020\/06\/Capi\u0301tulo-11-Disposic\u0327o\u0303es-Gerais.mp4\">http:\/\/hospitaldecampanhaanhembi.spdmafiliadas.org.br\/wp-content\/uploads\/sites\/41\/2020\/06\/Capi\u0301tulo-11-Disposic\u0327o\u0303es-Gerais.mp4<\/a><\/video><\/div>\n\t\t<\/div>\n\t\t\t\t\t<\/div>\n\n\t\n\n\t<div id=\"col-280268751\" class=\"col medium-4 small-12 large-4\"  >\n\t\t\t\t<div class=\"col-inner\"  >\n\t\t\t\n\t\t\t\n\t\t<\/div>\n\t\t\t\t\t<\/div>\n\n\t\n\n\t<div id=\"col-323644002\" class=\"col medium-4 small-12 large-4\"  >\n\t\t\t\t<div class=\"col-inner\"  >\n\t\t\t\n\t\t\t\n\t\t<\/div>\n\t\t\t\t\t<\/div>\n\n\t\n<\/div>\n","protected":false},"excerpt":{"rendered":"<p>Manual de conformidade &#8211; anima\u00e7\u00f5es<\/p>\n","protected":false},"author":1,"featured_media":0,"parent":0,"menu_order":0,"comment_status":"closed","ping_status":"closed","template":"","meta":{"footnotes":""},"class_list":["post-100","page","type-page","status-publish","hentry"],"_links":{"self":[{"href":"https:\/\/hsc.animaker.com.br\/index.php?rest_route=\/wp\/v2\/pages\/100","targetHints":{"allow":["GET"]}}],"collection":[{"href":"https:\/\/hsc.animaker.com.br\/index.php?rest_route=\/wp\/v2\/pages"}],"about":[{"href":"https:\/\/hsc.animaker.com.br\/index.php?rest_route=\/wp\/v2\/types\/page"}],"author":[{"embeddable":true,"href":"https:\/\/hsc.animaker.com.br\/index.php?rest_route=\/wp\/v2\/users\/1"}],"replies":[{"embeddable":true,"href":"https:\/\/hsc.animaker.com.br\/index.php?rest_route=%2Fwp%2Fv2%2Fcomments&post=100"}],"version-history":[{"count":0,"href":"https:\/\/hsc.animaker.com.br\/index.php?rest_route=\/wp\/v2\/pages\/100\/revisions"}],"wp:attachment":[{"href":"https:\/\/hsc.animaker.com.br\/index.php?rest_route=%2Fwp%2Fv2%2Fmedia&parent=100"}],"curies":[{"name":"wp","href":"https:\/\/api.w.org\/{rel}","templated":true}]}}